rs of f(4)?
3, 7
Suppose 12*h + 1199 = -14*h - 153. Suppose -v = 2*v - 183. Let m = v - h. List the prime factors of m.
113
Suppose 3*r - 2060 = 3*s - 19094, 3*s + 4*r - 17083 = 0. What are the prime factors of s?
3, 5, 379
Suppose 2*n - 67*m = -71*m + 57576, -m + 57561 = 2*n. List the prime factors of n.
2, 14389
Suppose 0 = f - x + 5, 9 + 0 = -5*f + x. What are the prime factors of 1 - f - (5 + 2 - 133)?
2
Let n(b) = 14*b - 61. Let t be n(7). Suppose 13*s = t*s - 10776. What are the prime factors of s?
449
Let t(n) = -17*n**2 + 16*n**2 + 18*n + 2*n - 17. Let w be t(11). Suppose z = -0*z + w. List the prime factors of z.
2, 41
Let r = -832 + 1335. Let u be 4 + -1 + r + 14. Suppose -4*k = k - u. List the prime factors of k.
2, 13
Let v be 2292/(-22) - (-6)/33. Let d = 163 + v. Let l = d - 29. List the prime factors of l.
2, 3, 5
Let f(h) = -h**3 - 8*h**2 + 11*h + 18. Suppose -15 = v - 5*u, 4*v + 3*u + 28 + 9 = 0. Let n be f(v). Let z = 198 - n. What are the prime factors of z?
2, 3, 5
Let y be 6/(-12) - (-23)/2. Suppose y*n - 200 = 6*n. List the prime factors of n.
2, 5
Let h(k) = 3*k**2 - 22*k + 7. Let n(p) = -p - 7. Let j be n(-17). What are the prime factors of h(j)?
3, 29
Suppose 0 = -26*b + 31*b + 2*y - 36788, -4*b + 29434 = y. List the prime factors of b.
2, 5, 23
Let g be (-7648)/(-14) - (-32)/(-112). Let f = -499 + g. List the prime factors of f.
47
Let c = 17354 - 6912. List the prime factors of c.
2, 23, 227
Let v be -3*(-4)/6 - -1. Suppose -5*r = q - 186, 50 = 5*q - 2*r - 745. Suppose 0 = 4*u + v*u - q. List the prime factors of u.
23
Let f be (-3 - -4 - -1)*1. Suppose 0 = 3*w - 5*r - 821, -f*r = 5*w - 8*w + 827. List the prime factors of w.
277
Let f = -819 + 2591. Suppose 229*k = 233*k - f. What are the prime factors of k?
443
Let a(s) be the first derivative of 7*s**2/2 + 32*s - 6. Let v(z) = -4*z - 13. Let c be v(-6). What are the prime factors of a(c)?
109
List the prime factors of (232/(-16))/((-6 + 4855/809)/(-2)).
29, 809
Suppose -8 = -3*w + 7. Suppose -2*t - 107 = -w*o + 13, 71 = 3*o - t. Suppose -o*m + 88 = -21*m. List the prime factors of m.
2, 11
Let n be ((-185)/2)/(-8 + (-700)/(-88)). Suppose 17*o = 12*o + n. What are the prime factors of o?
11, 37
Suppose 0 = -23*j + 25*j + 6, 5*d = -3*j + 21. What are the prime factors of (-1962 + d)/(-6) - 2?
2, 3
Suppose 4*o = 3*p - 39692, 123*o - 66172 = -5*p + 127*o. List the prime factors of p.
2, 5, 331
Let p(c) = -310*c**3 + 9*c**2 + 21*c + 11. What are the prime factors of p(-2)?
5, 7, 71
Let y = -1894 + 4531. List the prime factors of y.
3, 293
Let w(z) = -3319*z + 740. What are the prime factors of w(-7)?
3, 61, 131
Let l(c) = -213*c**3 - c. Let h be l(-1). Suppose -2 = -12*i + h. Suppose j - 128 = -i. What are the prime factors of j?
2, 5, 11
Let n(y) = y**2 + 45. Let x(u) = -3*u**2 + 4*u - 6. Let b be x(-4). Let r be (1 + -1)*14/b. What are the prime factors of n(r)?
3, 5
Let s(w) = 1020*w - 7325. List the prime factors of s(21).
5, 2819
Suppose -33*t + 150*t - 27*t - 623430 = 0. What are the prime factors of t?
3, 2309
Let f(v) = v + 1. Suppose -5*t - 30 - 20 = 0. Let w be f(t). Let n(z) = -z**3 - 6*z**2 + 19*z - 1. What are the prime factors of n(w)?
71
What are the prime factors of 45563 + 0 + 6 + (0 - -1) - 8?
2, 11, 19, 109
Let k(x) = x**3 + 8*x**2 + x - 21. Let m be k(-6). Let u be -6*(-12)/m - 3/5. What are the prime factors of 65/1 + -2 - (-4 + u)?
2, 3, 11
Let q(a) = 13*a**3 - 5*a**2 + a - 2. Let w be q(2). Suppose -z + w + 259 = 0. What are the prime factors of z?
7
Suppose 10*r = -180*r + 2163910. List the prime factors of r.
7, 1627
Suppose 28 = -m - 4*m + n, -4*m - 22 = -n. List the prime factors of 1964/24 - (-5)/m.
3
Let u = -73 + 76. Suppose -3*h = u*r - 2610, -h - 3500 = -2*r - 2*r. List the prime factors of r.
2, 19, 23
Let k(r) = -4*r**3 - 5*r**2 + 4*r + 3. Let o = -21 + -25. Let s = o + 43. List the prime factors of k(s).
2, 3
Let v = -13254 + 33761. List the prime factors of v.
20507
Let v be (-212)/(-26) + -6 - (-4)/(-26). Suppose -72 = -u + t, 0 = -4*u - v*t + 113 + 163. Let z = u + 3. What are the prime factors of z?
73
Suppose 0 = 6*w - 2*w + 48. Let d = 14 + w. Suppose 0 = -d*s + s + 2*o + 105, -5*o + 25 = 0. What are the prime factors of s?
5, 23
Let w(d) = -39*d**3 + 13*d**2 + 183*d - 22. List the prime factors of w(-11).
3, 11, 1559
List the prime factors of (30361/4)/(1/(-2)*(-164)/328).
97, 313
Let t(f) = -9*f + 135. Let z be t(13). Let a(u) = 4*u**2 - 22*u + 18. What are the prime factors of a(z)?
2, 3, 17
Suppose -12*t + 49956 + 39180 = 0. List the prime factors of t.
2, 3, 619
Suppose -3*a + a = -4*l - 6, -a - 6 = l. Let q(h) = -19*h + 12. What are the prime factors of q(l)?
3, 23
Let u(s) be the second derivative of -s**3/2 - 7*s**2/2 - 19*s. Let f be u(-5). Let n = 44 - f. List the prime factors of n.
2, 3
Let p be 36/14 - (-180)/420. Suppose 4*h - 4*l + 1074 - 2626 = 0, 1545 = 4*h + p*l. List the prime factors of h.
3, 43
Suppose -4*y - 54662 = -214966. List the prime factors of y.
2, 43, 233
Let o(k) = 3*k + 48*k - 70 + 57*k. List the prime factors of o(8).
2, 397
Suppose 1335 = -3*t - 12*t. Let f = -8 - t. Suppose -g + 5*l + f = 0, 97 + 78 = 3*g + 2*l. What are the prime factors of g?
61
Let s(q) = 32*q**2 - 8*q + 36. Let t be s(15). Suppose -16*d + t = -4*d. List the prime factors of d.
593
Suppose -91 + 23 = 4*p - 4*g, -4*g = -p - 29. Let h be (1/(-2))/(p/(-26)). List the prime factors of (-1599)/(-18) + h/(-6).
89
Let z(v) = -16*v - 10. Let j be 70/(-10) + -1 + 6/3. What are the prime factors of z(j)?
2, 43
Let s(q) = 5*q**2 + q - 9. Let t be s(4). Let j be t + (4/(-14) - 32/(-14)). Suppose -7*f = -6*f - j. What are the prime factors of f?
7, 11
Let g(d) = -d**2 + 0*d**2 + 3*d**2 - 4 - 3*d + d**2. Let f be g(3). What are the prime factors of (-1 - f/(-8))/(2/344)?
3, 43
Let w be (6 + (-57)/9)*6/(-1). Suppose -w*n - 5*u + 1418 = 0, 2*n + 3*n + 4*u - 3511 = 0. What are the prime factors of n?
3, 233
Let c(f) = 7*f**2 - 5*f + 4*f**2 - 4*f - 13. Let o be c(4). Let q = 139 + o. What are the prime factors of q?
2, 7, 19
Suppose -1440482 = 279*b - 18573035. What are the prime factors of b?
3, 6823
Let u = 11612 + 366. What are the prime factors of u?
2, 53, 113
Let z be -11 + -1 - 408/(-17). Let m(n) = -58*n + 3. Let k be m(-4). Suppose z*a - k = 7*a. What are the prime factors of a?
47
Suppose 22*q - 16*q + 138 = 0. Let l = 81 - q. Let c = l + 34. List the prime factors of c.
2, 3, 23
Suppose 4*b - 9*b + 5*g = -3285, b = 4*g + 666. Let f = -58 + b. List the prime factors of f.
2, 149
Let i = -40885 + 80074. List the prime factors of i.
3, 13063
Let n = 28359 - 7062. What are the prime factors of n?
3, 31, 229
What are the prime factors of (-138732)/(-9) - 132/(-396)?
5, 3083
Let z(q) = 2*q**3 - 59*q - 51*q + 113*q + 5*q**2 - 18. List the prime factors of z(4).
2, 101
What are the prime factors of 450*6 - (-12)/288*0?
2, 3, 5
Suppose -6*t + 4*f + 13 = -t, -5*f = -4*t + 14. Let h be (0 - t) + (-3 - 0). Let u(s) = -3*s + 23. What are the prime factors of u(h)?
5, 7
Let d = -189 + 192. Suppose -10*l + d*l + 2786 = 0. List the prime factors of l.
2, 199
Let t = 32786 - 19296. What are the prime factors of t?
2, 5, 19, 71
Let h(n) = 850*n**2 - 22*n - 45. What are the prime factors of h(-2)?
3, 11, 103
Let l = 552 + -966. Let f = 804 + l. What are the prime factors of f?
2, 3, 5, 13
Suppose 14*f = -13*f + 10125. What are the prime factors of (f/25)/((-3)/(-206))?
2, 5, 103
Let g(q) = q**2 + 16*q + 2. Let t(w) = w**2 + w + 1. Let f(c) = g(c) + t(c). Let h be f(-9). Suppose -h*v = -18*v + 1020. List the prime factors of v.
2, 5, 17
Let t(s) = s**2 + 9*s - 132. Let j be t(8). Suppose j*c - 1205 - 558 = -5*r, -4 = -2*c. List the prime factors of r.
3, 13
Let v = -2540 - -5297. List the prime factors of v.
3, 919
Let n = -65 - -605. Suppose 0 = 29*a - 23*a - n. List the prime factors of a.
2, 3, 5
Let n = 514 - 494. Suppose -n*x = -17*x - 2910. What are the prime factors of x?
2, 5, 97
Let i be 18*((-45)/10)/9. Let x(t) = -t. Let j(z) = z**3 + 11*z**2 + 10*z - 17. Let h(r) = j(r) + 4*x(r). What are the prime factors of h(i)?
7, 13
What are the prime factors of 4434588/180 - 14/(-35)?
71, 347
Suppose 0 = l - 14*l + 324819 + 173757. List the pri